ne n(-14).
-18
Let g(n) = -n**3 - 3*n**2 + 79*n + 242. What is g(-9)?
17
Let i(w) = -2*w**3 - 6*w**2 + 3*w + 3. Give i(-2).
-11
Let b(x) = x**3 - 7*x**2 + 365*x - 1087. Determine b(3).
-28
Let d(f) = 38*f - 615. What is d(13)?
-121
Let g(y) = 6*y**2 + 51*y - 1283. Calculate g(11).
4
Let i(r) = -r**3 + 9*r**2 + 58*r - 371. Calculate i(11).
25
Let m(h) = -2*h**3 + 46*h**2 - 41*h - 63. Determine m(22).
3
Let q(a) = -a**2 - 47*a + 416. What is q(8)?
-24
Let t(d) = -1360*d - 12234. What is t(-9)?
6
Let p(y) = 3*y**3 - 378*y**2 - 6*y + 750. Calculate p(126).
-6
Let l(f) = -76*f**2 + 459*f - 22. Determine l(6).
-4
Let q(d) = -d**2 - 41*d - 397. Calculate q(-16).
3
Let b(s) = s - 54. Determine b(6).
-48
Let i(p) = -887*p + 2742. Calculate i(3).
81
Let j(y) = 24*y**3 - 122*y**2 + 6*y + 8. Give j(5).
-12
Let w(o) = -113*o + 2494. Give w(22).
8
Let q(r) = 16*r - 11. Calculate q(-15).
-251
Let c(i) = 11*i + 163. What is c(-18)?
-35
Let i(n) = 117*n**3 + n**2 - 3*n - 2. What is i(-1)?
-115
Let p(b) = 456*b - 2. Calculate p(0).
-2
Let g(s) = -17*s - 359. Give g(-22).
15
Let s(n) = -n**3 + 3*n**2 + 5*n + 18. Determine s(-3).
57
Let h(x) = 9*x + 61. Calculate h(9).
142
Let i(y) = y**3 + 18*y**2 + 69*y + 56. Give i(-13).
4
Let k(g) = -g**2 - g - 4. Determine k(-5).
-24
Let n(r) = r**3 - 36*r**2 + 40*r - 179. Give n(35).
-4
Let j(r) = -r**2 + 51*r - 444. What is j(40)?
-4
Let p(o) = 2*o**3 - 11*o**2 + 20*o + 4. Calculate p(6).
160
Let c(o) = -4*o**2 + 11*o - 28. Determine c(4).
-48
Let f(n) = -4*n**3 + 13*n**2 + 11*n - 1. Calculate f(-2).
61
Let d(b) = 10*b**3 - 13*b**2 + 29*b - 4. What is d(2)?
82
Let q(w) = w**3 + 7*w**2 + 3*w - 16. What is q(-6)?
2
Let g(u) = 42*u**2 - 714*u. Determine g(17).
0
Let m(u) = -u**2 - 11*u + 31. Calculate m(0).
31
Let t(z) = 3473*z + 17367. Give t(-5).
2
Let w(v) = -1009*v + 4094. Determine w(4).
58
Let k(m) = -m**3 + 7*m**2 - m - 13. What is k(6)?
17
Let y(d) = -13*d - 61. What is y(-42)?
485
Let d(t) = t**3 + 35*t**2 + 211*t + 5. Give d(-27).
140
Let p(y) = -5*y**2 + 27*y + 199. What is p(11)?
-109
Let x(v) = -2*v**3 + 109*v**2 - 48*v - 336. Give x(54).
-12
Let d(l) = 21*l - 138. What is d(7)?
9
Let i(f) = 6*f**2 + 38*f + 161. Give i(-5).
121
Let o(c) = -4*c**3 + 3*c**2 - 80*c - 178. Calculate o(-2).
26
Let n(a) = -3*a**2 + 437*a - 721. What is n(144)?
-1
Let a(h) = h**2 + 69*h + 58. Determine a(-68).
-10
Let q(o) = 7*o**2 + 95*o - 329. Determine q(3).
19
Let p(i) = -145*i + 153. Determine p(1).
8
Let y(i) = -2*i**3 + 31*i**2 + 12*i + 83. Determine y(16).
19
Let j(y) = 7*y**2 + 906*y + 397. Determine j(-129).
10
Let r(p) = 2*p**2 - 54*p - 305. What is r(32)?
15
Let w(a) = -a**3 - 9*a**2 - 18*a - 39. Calculate w(-7).
-11
Let g(y) = y**3 + 14*y**2 - 145*y + 8. Give g(-21).
-34
Let u(q) = -200*q - 3793. Determine u(-19).
7
Let d(q) = 2*q**2 + 18*q - 25. Calculate d(10).
355
Let k(l) = -4*l**3 + 31*l**2 - 103*l + 26. Give k(5).
-214
Let o(d) = d**2 + 185*d - 5525. Determine o(26).
-39
Let l(x) = 38*x + 519. Give l(12).
975
Let j(l) = -l**3 - 6*l**2 - 60*l - 308. Give j(-6).
52
Let s(x) = 141*x + 1553. Determine s(-11).
2
Let o(g) = -4*g + 94. Determine o(87).
-254
Let p(i) = -8*i**2 + 44*i - 52. What is p(4)?
-4
Let d(v) = -v**2 - 6*v + 1093. What is d(38)?
-579
Let a(x) = 28*x - 937. What is a(34)?
15
Let v(f) = 7*f**2 + 975*f + 283. Calculate v(-139).
5
Let v(o) = o**3 - 22*o**2 - 20*o + 456. Determine v(22).
16
Let r(l) = -l**2 + 100*l - 2224. Give r(33).
-13
Let t(d) = 11*d**2 + 93*d + 26. Calculate t(-8).
-14
Let b(i) = -i**3 - 13*i**2 + 19*i - 129. Give b(-15).
36
Let t(v) = v**2 + 54*v + 440. Calculate t(-44).
0
Let d(w) = w**3 + 5*w**2 + 22*w - 14. Calculate d(-7).
-266
Let k(d) = -4*d**3 + 75*d**2 + 65*d - 43. Determine k(19).
831
Let t(s) = 4*s**3 + 6*s**2 + 21*s + 33. Calculate t(-2).
-17
Let s(k) = -351*k + 1332. Give s(4).
-72
Let f(l) = -3*l - 51. What is f(-2)?
-45
Let y(w) = -w**3 + 16*w**2 + 7*w - 30. Calculate y(16).
82
Let n(b) = -b**3 + 320*b**2 - 668*b + 10180. Calculate n(318).
4
Let q(h) = 181*h**2 + 1254*h - 92. What is q(-7)?
-1
Let m(h) = -h**3 + 11*h**2 - 13*h + 33. Determine m(9).
78
Let t(w) = 20*w + 1136. Calculate t(-57).
-4
Let h(v) = -21*v**3 + 2*v**2 + 2*v - 3. What is h(-2)?
169
Let p(t) = -t**3 - 6*t**2 - 5*t + 38. Determine p(-5).
38
Let g(h) = h**3 + 7*h**2 + 13*h - 3. Determine g(-2).
-9
Let b(f) = f**2 + 141*f + 4670. Give b(-88).
6
Let y(u) = 31*u + 871. What is y(-27)?
34
Let x(n) = -2*n**2 + 67*n + 2295. Determine x(-21).
6
Let l(b) = -84*b - 641. Give l(-8).
31
Let d(y) = -y**2 - 55*y - 382. What is d(-9)?
32
Let q(l) = l**3 - 7*l**2 + 3*l - 32. Give q(6).
-50
Let y(o) = 7*o**2 - 98*o - 2177. Determine y(26).
7
Let m(c) = -4*c**2 + 22*c - 44. Determine m(2).
-16
Let i(y) = 656*y + 21003. Determine i(-32).
11
Let t(s) = -14*s**2 - 7. Calculate t(0).
-7
Let o(i) = i**3 + 46*i**2 + 133*i + 106. What is o(-43)?
-66
Let f(i) = -i**2 + 9940*i - 148877. Give f(15).
-2
Let l(p) = -p**2 - 7*p + 32. What is l(-9)?
14
Let v(z) = -2*z**2 - 3970*z - 7940. Give v(-2).
-8
Let j(g) = -6*g**2 + 127*g + 113. Give j(22).
3
Let y(d) = -2*d**3 + 27*d**2 - 18*d + 52. Give y(13).
-13
Let k(t) = -210*t - 183. What is k(-2)?
237
Let d(c) = c**2 - 23*c - 166. Give d(31).
82
Let j(f) = f**3 + 203*f**2 - 409*f + 203. What is j(-205)?
-2
Let s(t) = -173*t - 2220. Determine s(-13).
29
Let n(h) = 2*h**3 + 17*h**2 + 4*h + 1048. Give n(-12).
-8
Let d(v) = -v**3 - 25*v**2 + 23*v - 96. Determine d(-26).
-18
Let w(o) = 9*o**2 + 191*o + 51. Calculate w(-21).
9
Let b(o) = -o**3 + 9*o**2 - 4*o - 17. What is b(8)?
15
Let w(x) = -4*x**3 + 220*x**2 + 224*x + 3. Determine w(56).
3
Let y(v) = 407*v + 8954. Calculate y(-22).
0
Let b(m) = -m**2 - 5*m + 463. Determine b(19).
7
Let j(p) = -2*p**2 - 212*p - 819. Give j(-102).
-3
Let r(c) = 2*c**3 - 25*c**2 + 72*c + 32. What is r(7)?
-3
Let x(p) = 19*p + 1709. What is x(-70)?
379
Let c(b) = b**3 - 4*b**2 + 51*b - 1108. Give c(10).
2
Let m(n) = 145*n + 2. What is m(-1)?
-143
Let q(g) = g**3 + 14*g**2 - 5*g - 234. Determine q(-13).
0
Let f(n) = -169*n - 2866. Determine f(-17).
7
Let p(f) = -f**2 + 61*f - 226. Give p(4).
2
Let q(v) = v**2 - 214*v + 4879. What is q(26)?
-9
Let v(o) = -7*o**3 - 616*o**2 + 3*o + 270. Calculate v(-88).
6
Let t(z) = z**3 + 8*z**2 - 13*z - 132. Calculate t(-7).
8
Let s(x) = -36*x - 353. Calculate s(-9).
-29
Let m(s) = s**3 + 11*s**2 + 108*s + 520. Give m(-6).
52
Let v(j) = 101*j + 518. Determine v(-3).
215
Let j(p) = -6*p + 149. What is j(26)?
-7
Let n(o) = -159*o + 520. What is n(4)?
-116
Let w(g) = 14*g**2 + 1031*g - 268. Give w(-74).
102
Let i(o) = -194*o - 1168. Determine i(-6).
-4
Let o(y) = y**2 + 196*y + 769. Determine o(-192).
1
Let s(d) = 2*d**2 - 182*d - 740. Determine s(95).
20
Let z(d) = -2*d**2 - 281*d - 3870. Determine z(-125).
5
Let g(q) = -q**2 - 49*q + 36. Give g(-36).
504
Let q(s) = -2*s**3 + 9*s**2 + 177*s - 183. Calculate q(-8).
1
Let x(f) = f**2 - 33*f + 125. Give x(39).
359
Let p(q) = q**3 + 3*q**2 - q - 583. What is p(0)?
-583
Let c(b) = -b**3 + 6*b**2 - 9*b + 14. Calculate c(5).
-6
Let m(l) = 109*l - 5785. What is m(53)?
-8
Let t(n) = -n**3 - 37*n**2 + 461*n + 94. Give t(10).
4
Let y(l) = -l**3 + 10*l**2 + 51*l - 244. Determine y(12).
80
Let d(v) = v**3 - 13*v**2 + 41*v + 30. Determine d(8).
38
Let l(r) = r**3 - 10*r**2 + 18*r + 23. What is l(7)?
2
Let u(t) = 157*t - 6893. Give u(44).
15
Let g(x) = -399*x - 2226. What is g(-6)?
168
Let p(w) = w**2 - 1115*w + 19749. Determine p(18).
3
Let t(f) = -3*f**2 - 8*f - 2. Give t(-8).
-130
Let q(g) = 13*g + 626. Calculate q(-49).
-11
Let g(j) = -j**2 + 27*j + 148. Give g(-4).
24
Let l(p) = -17*p - 78. Determine l(-4).
-10
Let j(n) = -n**3 - 38*n**2 - 97*n + 130. Calculate j(-35).
-150
Let g(z) = -51*z**2 + 411*z - 26. Give g(8).
-2
Let a(y) = y**2 + 34*y - 874. Determine a(17).
-7
Let o(t) = -t**3 - 10*t**2 + 35*t + 24. Determine o(-14).
318
Let z(y) = 21*y + 251. What is z(0)?
251
Let t(z) = -13*z**3 - 46*z**2 - z - 24. Calculate t(-4).
76
Let q(g) = -5*g**2 - 144*g - 30. What is q(-28)?
82
Let l(n) = -33*n - 361. Give l(-24).
431
Let x(n) = -15*n**2 + 41*n - 10. Determine x(1).
16
Let x(c) = 2*c**2 + 103*c - 280. Calculate x(-54).
-10
Let k(b) = b**3 - b**2 + 63*b - 197. Give k(3).
10
Let b(v